 divisor of 115081 and 237492.
733
What is the greatest common divisor of 195 and 25169170?
65
What is the greatest common factor of 221932484 and 204?
68
What is the greatest common factor of 579892 and 7892?
4
What is the greatest common divisor of 19695920 and 224?
16
What is the highest common factor of 10318 and 4055242?
134
What is the greatest common divisor of 11767122 and 7038?
414
Calculate the greatest common divisor of 2105016 and 14456.
1112
What is the greatest common divisor of 294 and 106038842?
98
Calculate the greatest common divisor of 3131114 and 294680.
278
Calculate the greatest common divisor of 1887 and 166447.
17
Calculate the highest common factor of 63523035 and 225.
45
What is the highest common divisor of 225 and 8650575?
225
Calculate the highest common factor of 10787 and 13153.
7
What is the highest common divisor of 200 and 13990700?
100
What is the highest common factor of 46258 and 22213458?
458
Calculate the greatest common factor of 138213 and 96170653.
5119
Calculate the highest common divisor of 4095 and 273845.
65
What is the greatest common divisor of 1238913 and 3978?
117
What is the greatest common divisor of 144824 and 5782856?
3368
What is the greatest common factor of 2356 and 710363450?
1178
Calculate the greatest common factor of 7651598 and 12942.
1438
What is the highest common factor of 779379 and 104921?
239
What is the greatest common divisor of 1042 and 14776081?
521
What is the highest common divisor of 129762 and 171558?
486
What is the highest common divisor of 860 and 218040?
20
Calculate the highest common factor of 43918296 and 24.
24
Calculate the greatest common divisor of 657 and 28619139.
219
What is the highest common divisor of 107373 and 220840696?
5113
Calculate the greatest common divisor of 16 and 16705928.
8
What is the highest common factor of 16272084 and 1?
1
Calculate the greatest common factor of 37912153 and 1531.
1531
Calculate the highest common factor of 656213 and 54569.
277
What is the greatest common factor of 133603 and 13804?
493
What is the greatest common divisor of 485748177 and 1354?
677
Calculate the highest common factor of 1 and 885013.
1
What is the greatest common divisor of 1160 and 271904?
232
What is the greatest common divisor of 60 and 3194920?
20
Calculate the greatest common factor of 230 and 65570.
10
Calculate the highest common factor of 26852263 and 361.
361
What is the greatest common divisor of 15300 and 998520?
60
What is the highest common factor of 3925857810 and 28?
14
Calculate the greatest common factor of 5334174 and 587898.
3078
What is the highest common factor of 12985 and 46146835?
1855
What is the highest common factor of 18 and 1001158?
2
What is the highest common factor of 460893616 and 3522?
1174
Calculate the highest common factor of 220269400 and 20.
20
What is the highest common divisor of 286 and 5271526?
26
Calculate the greatest common divisor of 306 and 384090.
6
Calculate the greatest common factor of 16 and 2157384.
8
What is the highest common factor of 4307 and 212357?
73
Calculate the greatest common divisor of 609 and 221597439.
609
What is the greatest common factor of 54911756 and 12?
4
Calculate the highest common divisor of 28 and 772457294.
14
What is the greatest common factor of 67918 and 602098?
58
What is the highest common factor of 236 and 4472318?
118
Calculate the highest common factor of 25475 and 22962146.
1019
What is the greatest common divisor of 36 and 8045847?
9
What is the greatest common divisor of 264805800 and 14112?
1176
Calculate the highest common factor of 28425 and 33025.
25
What is the greatest common divisor of 1225 and 15511930?
245
Calculate the highest common divisor of 12464 and 200792.
152
What is the greatest common factor of 119210 and 1484492?
262
Calculate the highest common factor of 54063 and 57303.
9
What is the highest common factor of 93216657 and 123?
123
Calculate the greatest common divisor of 3 and 157597392.
3
What is the highest common factor of 714 and 77058?
6
What is the greatest common factor of 24544304 and 16?
16
Calculate the greatest common factor of 406 and 631834.
14
Calculate the highest common factor of 3871946 and 52.
26
Calculate the greatest common divisor of 645 and 11365975.
215
What is the greatest common factor of 696983 and 3?
1
Calculate the highest common divisor of 203245 and 4375.
35
Calculate the highest common divisor of 124 and 80721086.
62
Calculate the greatest common divisor of 48447590 and 168485.
5435
What is the highest common divisor of 5383 and 20363120?
769
What is the greatest common divisor of 86986633 and 3327?
1109
Calculate the greatest common divisor of 14937 and 3436659.
1149
Calculate the highest common factor of 1052 and 36905212.
1052
Calculate the highest common divisor of 1344346 and 310.
62
Calculate the greatest common factor of 9206160 and 605555.
2155
Calculate the highest common divisor of 116 and 47000387.
29
What is the highest common factor of 12597 and 34943109?
969
Calculate the greatest common factor of 384 and 9180096.
192
Calculate the highest common divisor of 780576 and 2919894.
1038
Calculate the greatest common factor of 399 and 3832017.
21
What is the highest common factor of 973463064 and 84?
84
What is the greatest common divisor of 404980 and 6260?
20
Calculate the highest common factor of 801864 and 22833.
387
What is the highest common divisor of 1742 and 12470354?
26
What is the greatest common divisor of 5661 and 355351?
17
Calculate the highest common divisor of 6293 and 2115260.
203
What is the greatest common factor of 454779 and 10045503?
2691
Calculate the highest common factor of 256291 and 23674.
133
Calculate the greatest common divisor of 42273 and 52063011.
693
What is the greatest common divisor of 67530 and 1046190?
30
Calculate the highest common divisor of 125326 and 60696.
562
What is the greatest common divisor of 12375 and 696375?
1125
What is the highest common factor of 804894 and 3912?
978
Calculate the highest common factor of 87 and 42726309.
87
What is the greatest common divisor of 38553477 and 2636?
659
Calculate the highest common factor of 4022077 and 469.
67
What is the greatest common divisor of 54614 and 320712?
1162
Calculate the greatest common factor of 350 and 34996850.
350
What is the highest common divisor of 13860 and 8028900?
1980
Calculate the greatest common factor of 102828 and 48697.
209
What is the greatest common divisor of 168 and 424932?
12
What is the highest common factor of 13668442 and 801?
89
Calculate the highest common factor of 5136 and 9498.
6
What is the highest common factor of 54839 and 1561563?
899
Calculate the greatest common factor of 306 and 143352.
18
What is the greatest common factor of 15957 and 3059607?
591
Calculate the greatest common divisor of 398405 and 31675.
35
Calculate the greatest common divisor of 18150764 and 10932.
3644
Calculate the highest common divisor of 4515517 and 1036.
37
Calculate the greatest common divisor of 904834 and 47677.
343
Calculate the greatest common factor of 19560 and 91742920.
6520
What is the greatest common divisor of 120 and 9035420?
20
What is the highest common factor of 235143 and 8397?
27
What is the highest common divisor of 805 and 596377465?
115
What is the greatest common divisor of 296819460 and 15?
15
What is the highest common factor of 191022 and 2239998?
186
What is the highest common factor of 2540 and 23896955?
635
What is the greatest common divisor of 610 and 68271505?
305
Calculate the highest common divisor of 17097615 and 12915.
1845
Calculate the greatest common divisor of 52 and 22196018.
26
What is the highest common factor of 21082 and 73660?
254
What is the greatest common divisor of 167906209 and 1?
1
What is the greatest common divisor of 1043 and 543256?
7
What is the greatest common divisor of 5681 and 688441?
13
What is the highest common divisor of 123161 and 363163?
79
What is the greatest common factor of 54 and 76642794?
54
Calculate the highest common divisor of 366 and 482568.
6
Calculate the greatest common factor of 39420 and 2713556.
292
Calculate the greatest common factor of 41300 and 101296510.
4130
What is the highest common factor of 